762?
True
Does 149 divide 2682?
True
Does 58 divide 39788?
True
Is 45 a factor of 12794?
False
Is 86 a multiple of 43?
True
Is 378 a multiple of 14?
True
Is 2468 a multiple of 13?
False
Does 17 divide 1921?
True
Is 69 a factor of 8763?
True
Does 20 divide 820?
True
Does 49 divide 2186?
False
Is 34 a factor of 2510?
False
Is 23 a factor of 3037?
False
Is 1148 even?
True
Does 19 divide 361?
True
Is 7 a factor of 609?
True
Does 9 divide 1494?
True
Is 26 a factor of 1020?
False
Is 971 a multiple of 39?
False
Is 21 a factor of 1830?
False
Does 76 divide 951?
False
Is 6314 a multiple of 41?
True
Is 11306 a multiple of 141?
False
Does 32 divide 83864?
False
Does 8 divide 3848?
True
Does 20 divide 3100?
True
Does 383 divide 53237?
True
Is 68987 a multiple of 61?
False
Is 25 a factor of 650?
True
Does 4 divide 2535?
False
Is 28152 a multiple of 24?
True
Does 19 divide 57?
True
Is 2741 a multiple of 2?
False
Is 159706 a multiple of 94?
True
Does 133 divide 91451?
False
Does 39 divide 1057?
False
Is 44240 a multiple of 16?
True
Does 33 divide 1625?
False
Is 24 a factor of 25281?
False
Is 603 a multiple of 67?
True
Is 13 a factor of 112581?
False
Is 36 a factor of 34197?
False
Does 29 divide 42688?
True
Is 663 a multiple of 17?
True
Is 15 a factor of 316?
False
Does 99 divide 20790?
True
Is 123 a factor of 1776?
False
Is 47791 a multiple of 32?
False
Does 55 divide 1430?
True
Is 225 a multiple of 18?
False
Does 17 divide 629?
True
Is 24 a factor of 6332?
False
Does 15 divide 3203?
False
Is 20 a factor of 291?
False
Is 10 a factor of 2869?
False
Is 2821 a multiple of 91?
True
Is 14 a factor of 4382?
True
Is 221 a multiple of 13?
True
Is 60 a factor of 660?
True
Does 5 divide 1386?
False
Is 56 a factor of 5956?
False
Does 12 divide 1352?
False
Is 24 a factor of 528?
True
Does 28 divide 8400?
True
Does 15 divide 435?
True
Does 4 divide 304?
True
Does 72 divide 36441?
False
Is 21 a factor of 30996?
True
Is 3116 a multiple of 2?
True
Is 285 a multiple of 15?
True
Is 8 a factor of 18312?
True
Is 3918 a multiple of 14?
False
Is 124 a multiple of 7?
False
Does 28 divide 3248?
True
Is 69096 a multiple of 24?
True
Is 2360 a multiple of 33?
False
Is 64 a multiple of 23?
False
Is 18 a factor of 1598?
False
Is 3652 a multiple of 15?
False
Is 15686 a multiple of 22?
True
Is 8 a factor of 480?
True
Is 758 a multiple of 6?
False
Does 3 divide 275?
False
Is 100 a factor of 2879?
False
Is 41 a factor of 34030?
True
Is 15 a factor of 2625?
True
Is 9 a factor of 360?
True
Does 53 divide 795?
True
Is 61 a factor of 108380?
False
Is 6 a factor of 1242?
True
Is 608 a multiple of 43?
False
Is 1007 a multiple of 19?
True
Is 1302 a multiple of 93?
True
Does 8 divide 33792?
True
Is 70 a factor of 33245?
False
Is 14060 a multiple of 43?
False
Does 30 divide 150?
True
Is 643 a multiple of 3?
False
Is 11 a factor of 47505?
False
Does 57 divide 1128?
False
Is 27 a factor of 2867?
False
Does 44 divide 89?
False
Does 63 divide 2709?
True
Is 5139 a multiple of 22?
False
Does 12 divide 1526?
False
Does 41 divide 1025?
True
Is 63 a factor of 3087?
True
Is 63 a multiple of 63?
True
Is 22173 a multiple of 94?
False
Is 5035 a multiple of 13?
False
Is 26712 a multiple of 12?
True
Does 70 divide 3060?
False
Is 13 a factor of 7163?
True
Does 4 divide 1300?
True
Does 18 divide 5904?
True
Does 20 divide 4810?
False
Is 33267 a multiple of 18?
False
Is 512 a multiple of 13?
False
Is 19 a factor of 2215?
False
Is 24 a factor of 751?
False
Does 30 divide 23544?
False
Does 204 divide 5712?
True
Does 33 divide 5412?
True
Is 1176 a multiple of 6?
True
Does 64 divide 12480?
True
Is 9 a factor of 10871?
False
Is 5 a factor of 348?
False
Is 27 a factor of 199?
False
Is 228 a multiple of 6?
True
Is 6 a factor of 3669?
False
Is 10 a factor of 1649?
False
Is 1023 a multiple of 11?
True
Is 19 a factor of 10279?
True
Is 39 a factor of 45396?
True
Is 2596 a multiple of 113?
False
Does 22 divide 2148?
False
Is 9966 a multiple of 11?
True
Is 6226 a multiple of 79?
False
Is 75 a factor of 649?
False
Does 46 divide 6503?
False
Is 263 a multiple of 5?
False
Is 1080 a multiple of 20?
True
Does 23 divide 2688?
False
Is 13 a factor of 1118?
True
Is 8 a factor of 611?
False
Is 7 a factor of 35?
True
Is 832 a multiple of 12?
False
Is 124 a multiple of 31?
True
Does 3 divide 116?
False
Is 6118 a multiple of 89?
False
Does 12 divide 28332?
True
Is 20 a factor of 7020?
True
Is 8410 a multiple of 29?
True
Does 7 divide 119?
True
Is 10350 a multiple of 150?
True
Is 25262 a multiple of 17?
True
Is 148 a factor of 22048?
False
Does 50 divide 10250?
True
Does 22 divide 866?
False
Is 1296 a multiple of 6?
True
Does 9 divide 17423?
False
Is 11505 a multiple of 39?
True
Does 53 divide 3573?
False
Does 10 divide 3560?
True
Does 270 divide 8100?
True
Is 956 a multiple of 18?
False
Is 2969 a multiple of 42?
False
Is 3 a factor of 186?
True
Is 1690 a multiple of 21?
False
Is 16 a factor of 4016?
True
Is 3 a factor of 83?
False
Is 3 a factor of 983?
False
Is 56784 a multiple of 169?
True
Is 8 a factor of 1945?
False
Is 3399 a multiple of 33?
True
Does 12 divide 492?
True
Is 23831 a multiple of 39?
False
Is 376 a factor of 70066?
False
Does 40 divide 19240?
True
Is 65 a factor of 3900?
True
Is 10 a factor of 20?
True
Is 7 a factor of 10059?
True
Does 23 divide 2578?
False
Does 38 divide 20216?
True
Does 8 divide 1020?
False
Is 48 a multiple of 33?
False
Is 19 a factor of 2508?
True
Is 26361 a multiple of 87?
True
Is 18 a factor of 727?
False
Is 24187 a multiple of 17?
False
Is 32967 a multiple of 51?
False
Does 24 divide 408?
True
Is 2950 a multiple of 67?
False
Is 6237 a multiple of 33?
True
Is 10 a factor of 4670?
True
Does 42 divide 447?
False
Is 9200 a multiple of 115?
True
Is 51 a multiple of 3?
True
Does 23 divide 4462?
True
Is 19111 a multiple of 91?
False
Does 53 divide 18656?
True
Is 153 a multiple of 25?
False
Is 9 a factor of 152?
False
Is 19 a factor of 17599?
False
Is 1503 a multiple of 7?
False
Does 26 divide 16978?
True
Is 51 a factor of 5083?
False
Does 142 divide 4023?
False
Does 98 divide 12152?
True
Is 2 a factor of 205?
False
Is 3721 a multiple of 14?
False
Does 2 divide 3314?
True
Is 88 a factor of 5808?
True
Does 26 divide 1950?
True
Is 52845 a multiple of 15?
True
Is 110 a factor of 95150?
True
Is 1978 a multiple of 46?
True
Is 191 a factor of 64324?
False
Is 6605 a multiple of 5?
True
Is 6 a factor of 560?
False
Is 4 a factor of 388?
True
Does 5 divide 454?
False
Does 7 divide 1018?
False
Does 9 divide 1533?
False
Is 4408 a multiple of 58?
True
Is 3 a factor of 2010?
True
Is 32 a factor of 1056?
True
Is 13 a factor of 4240?
False
Does 9 divide 27022?
False
Does 46 divide 31316?
False
Is 45 a factor of 1325?
False
Does 9 divide 915?
False
Does 92 divide 3128?
True
Is 20 a factor of 44860?
True
Is 34 a factor of 1085?
False
Does 7 divide 156?
False
Does 42 divide 6035?
False
Is 9 a factor of 7191?
True
Does 17 divide 14122?
False
Does 10 divide 70?
True
Does 51 divide 1149?
False
Is 75 a factor of 1350?
True
Is 20 a factor of 172?
False
Is 2 a factor of 847?
False
Is 10424 a multiple of 5?
False
Is 11 a factor of 3696?
True
Is 7 a factor of 9851?
False
Does 102 divide 18576?
False
Does 20 divide 774?
False
Does 17 divide 58514?
True
Does 33 divide 63884?
False
Does 41 divide 662?
False
Is 400 a factor of 64400?
True
Is 22 a factor of 2256?
False
Does 6 divide 33?
False
Does 67 divide 997?
False
Does 20 divide 2091?
False
Does 35 divide 6492?
False
Is 48 a factor of 1104?
True
Is 2508 a multiple of 12?
True
Is 9 a factor of 692?
False
Is 989 a multiple of 14?
False
Does 21 divide 25728?
False
Is 10428 a multiple of 33?
True
Does 20 divide 24992?
False
Is 52 a factor of 160?
False
Is 12 a factor of 39197?
False
Is 4 a factor of 865?
False
Is 816 a multiple of 17?
True
Is 1728 a multiple of 4?
True
Is 21 a factor of 1911?
True
Is 3558 even?
True
Is 228 a multiple of 12?
True
Does 12 divide 14160?
True
Does 48 divide 1405?
False
Is 157 a factor of 1413?
True
Is 4 a factor of 1458?
False
Is 14480 a multiple of 40?
True
Is 37 a factor of 2748?
False
Does 45 divide 1239?
False
Does 27 divide 54?
True
Is 9 a factor of 1701?
True
Is 2 a factor of 80?
True
Does 16 divide 5555?
False
Is 18684 a multiple of 18?
True
Is 11 a f